{"id":1838,"date":"2016-03-03T10:40:45","date_gmt":"2016-03-03T09:40:45","guid":{"rendered":"http:\/\/www.maistendencia.com\/?page_id=1838"},"modified":"2018-05-15T10:26:51","modified_gmt":"2018-05-15T08:26:51","slug":"terminos-colaboracion","status":"publish","type":"page","link":"https:\/\/www.maistendencia.com\/blog\/terminos-colaboracion\/","title":{"rendered":"Terminos de colaboraci\u00f3n"},"content":{"rendered":"<p><strong>\u00bfQuieres publicar entradas o post en MAISTENDENCIA?<\/strong> Si es as\u00ed, la siguiente informaci\u00f3n ser\u00e1 de tu inter\u00e9s, pues te explicamos c\u00f3mo hacerlo y en qu\u00e9 t\u00e9rminos:<\/p>\n<p><strong>MAISTENDENCIA<\/strong> aborda temas relacionados con moda, tendencias, estilo de vida, ocio y comercio. La tem\u00e1tica, por tanto, debe ce\u00f1irse a este contexto.<\/p>\n<p>\u00c9ste es un blog que pertenece a <strong>CCA Ourense Centro<\/strong> y por ello, todos los art\u00edculos recibidos <span style=\"text-decoration: underline;\">se someter\u00e1n a revisi\u00f3n<\/span> por parte de la direcci\u00f3n que ser\u00e1 el ultimo \u00f3rgano que decide si se puede efectuar la publicaci\u00f3n o no del articulo, en base a los criterios que establece.<\/p>\n<p>Los art\u00edculos siempre han de <span style=\"text-decoration: underline;\">mantener un tono cordial y respetuoso<\/span>; no podr\u00e1n da\u00f1ar la imagen ni prestigio, as\u00ed como no podr\u00e1n generar interferencias ni perjudicar los intereses propios y comunes del CCA Ourense Centro ni de sus establecimientos asociados individualmente.<\/p>\n<p>Una vez aprobada la solicitud de publicaci\u00f3n se considera que, <strong>MAISTENDENCIA<\/strong>, cuenta con toda autorizaci\u00f3n del autor para el uso y publicaci\u00f3n de la informaci\u00f3n.<\/p>\n<p>Todos las informaciones que se quieran publicar en <strong>MAISTENDENCIA<\/strong> han de ser <span style=\"text-decoration: underline;\">originales<\/span>, es decir, escritas por el firmante y <span style=\"text-decoration: underline;\">no podr\u00e1n ser publicadas<\/span> en otros medios digitales, webs o blogs, incluso del propio autor, pues <strong>Google<\/strong> penaliza la duplicidad de contenidos.<\/p>\n<p>Las citas a otras personas o art\u00edculos usados para fundamentar el art\u00edculo deben estar debidamente referenciadas y atribuidas a la fuente original.<\/p>\n<p>Los medios gr\u00e1ficos y audiovisuales (fotos, v\u00eddeos, gifs, etc) que se quieran emplear deben ser de producci\u00f3n o elaboraci\u00f3n propia y si fuera ajena, s\u00f3lo se admitir\u00e1n aquellos <span style=\"text-decoration: underline;\">libres de derechos<\/span> o bajo una licencia de <strong>Creative Commons<\/strong> y en las condiciones que establezca cada categor\u00eda de las misma.<\/p>\n<p>Todos los post publicados ser\u00e1n atribuidos a su autor y este ser\u00e1 el <span style=\"text-decoration: underline;\">responsable \u00faltimo de los contenidos del mismo<\/span> as\u00ed como de los derechos y licencias que ello conlleve.<\/p>\n<p><strong>MAISTENDENCIA<\/strong> no se responsabiliza de la veracidad de los contenidos de los art\u00edculos publicados por los autores colaboradores, siendo \u00e9stos los \u00fanicos responsables de los mismos.<\/p>\n<p>El post que se quiera publicar debe remitirse al correo info@ourensecca.com o, bien, <span style=\"text-decoration: underline;\">solicitar en la misma direcci\u00f3n el uso de la plataforma<\/span> habilitada en el propio blog.<\/p>\n<p><strong>Una vez aceptada la solicitud, se dar\u00e1 de alta en el sistema y \u00e9ste autom\u00e1ticamente remite un correo electr\u00f3nico con los datos de acceso y c\u00f3mo proceder.<\/strong><\/p>\n","protected":false},"excerpt":{"rendered":"<p>\u00bfQuieres publicar entradas o post en MAISTENDENCIA? Si es as\u00ed, la siguiente informaci\u00f3n ser\u00e1 de tu inter\u00e9s, pues te explicamos c\u00f3mo hacerlo y en qu\u00e9 t\u00e9rminos: MAISTENDENCIA aborda temas relacionados con moda, tendencias, estilo de&#8230;<br \/><a href=\"https:\/\/www.maistendencia.com\/blog\/terminos-colaboracion\/\"> Continuar leyendo&#8230;<\/a><\/p>\n","protected":false},"author":1,"featured_media":0,"parent":0,"menu_order":0,"comment_status":"closed","ping_status":"closed","template":"","meta":{"footnotes":""},"class_list":["post-1838","page","type-page","status-publish","hentry"],"aioseo_notices":[],"_links":{"self":[{"href":"https:\/\/www.maistendencia.com\/blog\/wp-json\/wp\/v2\/pages\/1838","targetHints":{"allow":["GET"]}}],"collection":[{"href":"https:\/\/www.maistendencia.com\/blog\/wp-json\/wp\/v2\/pages"}],"about":[{"href":"https:\/\/www.maistendencia.com\/blog\/wp-json\/wp\/v2\/types\/page"}],"author":[{"embeddable":true,"href":"https:\/\/www.maistendencia.com\/blog\/wp-json\/wp\/v2\/users\/1"}],"replies":[{"embeddable":true,"href":"https:\/\/www.maistendencia.com\/blog\/wp-json\/wp\/v2\/comments?post=1838"}],"version-history":[{"count":1,"href":"https:\/\/www.maistendencia.com\/blog\/wp-json\/wp\/v2\/pages\/1838\/revisions"}],"predecessor-version":[{"id":5894,"href":"https:\/\/www.maistendencia.com\/blog\/wp-json\/wp\/v2\/pages\/1838\/revisions\/5894"}],"wp:attachment":[{"href":"https:\/\/www.maistendencia.com\/blog\/wp-json\/wp\/v2\/media?parent=1838"}],"curies":[{"name":"wp","href":"https:\/\/api.w.org\/{rel}","templated":true}]}}