{"id":876,"date":"2016-01-14T11:43:58","date_gmt":"2016-01-14T10:43:58","guid":{"rendered":"http:\/\/www.maistendencia.com\/wp-content\/uploads\/2015\/12\/nails7.jpg"},"modified":"2016-01-14T11:48:54","modified_gmt":"2016-01-14T10:48:54","slug":"nails7","status":"inherit","type":"attachment","link":"https:\/\/www.maistendencia.com\/blog\/manicura-fiesta\/nails7\/","title":{"rendered":"Minimal negro e inalterable"},"author":1,"featured_media":0,"comment_status":"open","ping_status":"closed","template":"","meta":[],"class_list":["post-876","attachment","type-attachment","status-inherit","hentry"],"aioseo_notices":[],"smush":{"stats":{"percent":4.742950361221161,"bytes":5088,"size_before":107275,"size_after":102187,"time":0.12000000000000001,"api_version":"1.0","lossy":false},"sizes":{"thumbnail":{"percent":6.95,"bytes":471,"size_before":6778,"size_after":6307,"time":0.01},"medium":{"percent":5.98,"bytes":791,"size_before":13227,"size_after":12436,"time":0.02},"slider-thumbs":{"percent":5.44,"bytes":1779,"size_before":32673,"size_after":30894,"time":0.04},"post-thumbnail":{"percent":5.76,"bytes":1473,"size_before":25587,"size_after":24114,"time":0.02},"zem_rp_thumbnail":{"percent":0,"bytes":0,"size_before":6307,"size_after":6307,"time":0.01},"full":{"percent":2.53,"bytes":574,"size_before":22703,"size_after":22129,"time":0.02}}},"description":{"rendered":"<p class=\"attachment\"><a href='https:\/\/www.maistendencia.com\/blog\/wp-content\/uploads\/2015\/12\/nails7.jpg'><img loading=\"lazy\" decoding=\"async\" width=\"300\" height=\"225\" src=\"https:\/\/www.maistendencia.com\/blog\/wp-content\/uploads\/2015\/12\/nails7-300x225.jpg\" class=\"attachment-medium size-medium\" alt=\"manicura negro duradera\" srcset=\"https:\/\/www.maistendencia.com\/blog\/wp-content\/uploads\/2015\/12\/nails7-300x225.jpg 300w, https:\/\/www.maistendencia.com\/blog\/wp-content\/uploads\/2015\/12\/nails7.jpg 640w\" sizes=\"auto, (max-width: 300px) 100vw, 300px\" \/><\/a><\/p>\n<p>Si apuestas por lo minimal tambi\u00e9n para vestir las u\u00f1as, el negro y s\u00f3lo el negro ser\u00e1 tu elecci\u00f3n para la noche de fiesta. Este color, a diferencia de tonos m\u00e1s brillantes e iridiscentes, es que puedes aprovechar tu manicura m\u00e1s all\u00e1 de la ocasi\u00f3n festiva. <a href=\"https:\/\/www.facebook.com\/Leticia-Cela\u00e1-Beauty-Lounge-171989790967\" target=\"_blank\" >Celaa<\/a> asegura que \u00e9sta est\u00e1 realizada con una t\u00e9cnica que la mantendr\u00e1 inalterable hasta 15 d\u00edas.<\/p>\n"},"caption":{"rendered":"<p>Si apuestas por lo minimal tambi\u00e9n para vestir las u\u00f1as, el negro y s\u00f3lo el negro ser\u00e1 tu elecci\u00f3n para la noche de fiesta. Este color, a diferencia de tonos m\u00e1s brillantes e iridiscentes, es&#8230;<br \/><a href=\"https:\/\/www.maistendencia.com\/blog\/manicura-fiesta\/nails7\/\"> Continuar leyendo&#8230;<\/a><\/p>\n"},"alt_text":"manicura negro duradera","media_type":"image","mime_type":"image\/jpeg","media_details":{"width":640,"height":480,"file":"2015\/12\/nails7.jpg","sizes":{"thumbnail":{"file":"nails7-150x150.jpg","width":150,"height":150,"mime_type":"image\/jpeg","source_url":"https:\/\/www.maistendencia.com\/blog\/wp-content\/uploads\/2015\/12\/nails7-150x150.jpg"},"medium":{"file":"nails7-300x225.jpg","width":300,"height":225,"mime_type":"image\/jpeg","source_url":"https:\/\/www.maistendencia.com\/blog\/wp-content\/uploads\/2015\/12\/nails7-300x225.jpg"},"slider-thumbs":{"file":"nails7-600x400.jpg","width":600,"height":400,"mime_type":"image\/jpeg","source_url":"https:\/\/www.maistendencia.com\/blog\/wp-content\/uploads\/2015\/12\/nails7-600x400.jpg"},"post-thumbnail":{"file":"nails7-604x270.jpg","width":604,"height":270,"mime_type":"image\/jpeg","source_url":"https:\/\/www.maistendencia.com\/blog\/wp-content\/uploads\/2015\/12\/nails7-604x270.jpg"},"zem_rp_thumbnail":{"file":"nails7-150x150.jpg","width":150,"height":150,"mime_type":"image\/jpeg","source_url":"https:\/\/www.maistendencia.com\/blog\/wp-content\/uploads\/2015\/12\/nails7-150x150.jpg"},"full":{"file":"nails7.jpg","width":640,"height":480,"mime_type":"image\/jpeg","source_url":"https:\/\/www.maistendencia.com\/blog\/wp-content\/uploads\/2015\/12\/nails7.jpg"}},"image_meta":{"aperture":0,"credit":"","camera":"","caption":"","created_timestamp":0,"copyright":"","focal_length":0,"iso":0,"shutter_speed":0,"title":"","orientation":0,"keywords":[]}},"post":708,"source_url":"https:\/\/www.maistendencia.com\/blog\/wp-content\/uploads\/2015\/12\/nails7.jpg","_links":{"self":[{"href":"https:\/\/www.maistendencia.com\/blog\/wp-json\/wp\/v2\/media\/876","targetHints":{"allow":["GET"]}}],"collection":[{"href":"https:\/\/www.maistendencia.com\/blog\/wp-json\/wp\/v2\/media"}],"about":[{"href":"https:\/\/www.maistendencia.com\/blog\/wp-json\/wp\/v2\/types\/attachment"}],"author":[{"embeddable":true,"href":"https:\/\/www.maistendencia.com\/blog\/wp-json\/wp\/v2\/users\/1"}],"replies":[{"embeddable":true,"href":"https:\/\/www.maistendencia.com\/blog\/wp-json\/wp\/v2\/comments?post=876"}],"wp:attached-to":[{"embeddable":true,"post_type":"post","id":708,"href":"https:\/\/www.maistendencia.com\/blog\/wp-json\/wp\/v2\/posts\/708"}],"curies":[{"name":"wp","href":"https:\/\/api.w.org\/{rel}","templated":true}]}}

<p class="attachment"><a href='https://www.maistendencia.com/blog/wp-content/uploads/2015/12/nails7.jpg'><img loading="lazy" decoding="async" width="300" height="225" src="https://www.maistendencia.com/blog/wp-content/uploads/2015/12/nails7-300x225.jpg" class="attachment-medium size-medium" alt="manicura negro duradera" srcset="https://www.maistendencia.com/blog/wp-content/uploads/2015/12/nails7-300x225.jpg 300w, https://www.maistendencia.com/blog/wp-content/uploads/2015/12/nails7.jpg 640w" sizes="auto, (max-width: 300px) 100vw, 300px" /></a></p>
<p>Si apuestas por lo minimal también para vestir las uñas, el negro y sólo el negro será tu elección para la noche de fiesta. Este color, a diferencia de tonos más brillantes e iridiscentes, es que puedes aprovechar tu manicura más allá de la ocasión festiva. <a href="https://www.facebook.com/Leticia-Celaá-Beauty-Lounge-171989790967" target="_blank" >Celaa</a> asegura que ésta está realizada con una técnica que la mantendrá inalterable hasta 15 días.</p>

<p>Si apuestas por lo minimal también para vestir las uñas, el negro y sólo el negro será tu elección para la noche de fiesta. Este color, a diferencia de tonos más brillantes e iridiscentes, es&#8230;<br /><a href="https://www.maistendencia.com/blog/manicura-fiesta/nails7/"> Continuar leyendo&#8230;</a></p>
