{"id":4123,"date":"2017-04-20T17:29:46","date_gmt":"2017-04-20T15:29:46","guid":{"rendered":"http:\/\/www.maistendencia.com\/wp-content\/uploads\/2017\/04\/calcetines-1.jpg"},"modified":"2019-08-01T13:45:19","modified_gmt":"2019-08-01T11:45:19","slug":"calcetines-1","status":"inherit","type":"attachment","link":"https:\/\/www.maistendencia.com\/blog\/ideas-para-regalar-el-dia-de-la-madre-i-complementos\/calcetines-1\/","title":{"rendered":"Calcetines d\u00eda de la madre &#8211; Trendtantra"},"author":24,"featured_media":0,"comment_status":"open","ping_status":"closed","template":"","meta":[],"class_list":["post-4123","attachment","type-attachment","status-inherit","hentry"],"aioseo_notices":[],"smush":{"stats":{"percent":9.154108522640868,"bytes":12641,"size_before":138091,"size_after":125450,"time":0.16,"api_version":"1.0","lossy":false,"keep_exif":0},"sizes":{"thumbnail":{"percent":9.18,"bytes":452,"size_before":4925,"size_after":4473,"time":0.02},"medium":{"percent":8.95,"bytes":969,"size_before":10832,"size_after":9863,"time":0.01},"large":{"percent":10.11,"bytes":8574,"size_before":84792,"size_after":76218,"time":0.05},"portada":{"percent":6.89,"bytes":1013,"size_before":14713,"size_after":13700,"time":0.05},"feed-thumbs":{"percent":13.88,"bytes":179,"size_before":1290,"size_after":1111,"time":0.01},"post-thumbnail":{"percent":6.75,"bytes":1454,"size_before":21539,"size_after":20085,"time":0.02},"zem_rp_thumbnail":{"percent":0,"bytes":0,"size_before":4473,"size_after":4473,"time":0.01}}},"description":{"rendered":"<p class=\"attachment\"><a href='https:\/\/www.maistendencia.com\/blog\/wp-content\/uploads\/2017\/04\/calcetines-1.jpg'><img loading=\"lazy\" decoding=\"async\" width=\"300\" height=\"227\" src=\"https:\/\/www.maistendencia.com\/blog\/wp-content\/uploads\/2017\/04\/calcetines-1-300x227.jpg\" class=\"attachment-medium size-medium\" alt=\"Calcetines - Regalos d\u00eda de la madre\" srcset=\"https:\/\/www.maistendencia.com\/blog\/wp-content\/uploads\/2017\/04\/calcetines-1-300x227.jpg 300w, https:\/\/www.maistendencia.com\/blog\/wp-content\/uploads\/2017\/04\/calcetines-1-1024x773.jpg 1024w, https:\/\/www.maistendencia.com\/blog\/wp-content\/uploads\/2017\/04\/calcetines-1.jpg 1600w\" sizes=\"auto, (max-width: 300px) 100vw, 300px\" \/><\/a><\/p>\n<p>D\u00edselo con calcetines. Un detalle simp\u00e1tico a la vez que \u00fatil<\/p>\n"},"caption":{"rendered":"<p>D\u00edselo con calcetines. Un detalle simp\u00e1tico a la vez que \u00fatil<\/p>\n"},"alt_text":"Calcetines - Regalos d\u00eda de la madre","media_type":"image","mime_type":"image\/jpeg","media_details":{"width":1600,"height":1208,"file":"2017\/04\/calcetines-1.jpg","sizes":{"thumbnail":{"file":"calcetines-1-150x150.jpg","width":150,"height":150,"mime_type":"image\/jpeg","source_url":"https:\/\/www.maistendencia.com\/blog\/wp-content\/uploads\/2017\/04\/calcetines-1-150x150.jpg"},"medium":{"file":"calcetines-1-300x227.jpg","width":300,"height":227,"mime_type":"image\/jpeg","source_url":"https:\/\/www.maistendencia.com\/blog\/wp-content\/uploads\/2017\/04\/calcetines-1-300x227.jpg"},"large":{"file":"calcetines-1-1024x773.jpg","width":1024,"height":773,"mime_type":"image\/jpeg","source_url":"https:\/\/www.maistendencia.com\/blog\/wp-content\/uploads\/2017\/04\/calcetines-1-1024x773.jpg"},"portada":{"file":"calcetines-1-400x266.jpg","width":400,"height":266,"mime_type":"image\/jpeg","source_url":"https:\/\/www.maistendencia.com\/blog\/wp-content\/uploads\/2017\/04\/calcetines-1-400x266.jpg"},"feed-thumbs":{"file":"calcetines-1-50x33.jpg","width":50,"height":33,"mime_type":"image\/jpeg","source_url":"https:\/\/www.maistendencia.com\/blog\/wp-content\/uploads\/2017\/04\/calcetines-1-50x33.jpg"},"post-thumbnail":{"file":"calcetines-1-604x270.jpg","width":604,"height":270,"mime_type":"image\/jpeg","source_url":"https:\/\/www.maistendencia.com\/blog\/wp-content\/uploads\/2017\/04\/calcetines-1-604x270.jpg"},"zem_rp_thumbnail":{"file":"calcetines-1-150x150.jpg","width":150,"height":150,"mime_type":"image\/jpeg","source_url":"https:\/\/www.maistendencia.com\/blog\/wp-content\/uploads\/2017\/04\/calcetines-1-150x150.jpg"},"full":{"file":"calcetines-1.jpg","width":1600,"height":1208,"mime_type":"image\/jpeg","source_url":"https:\/\/www.maistendencia.com\/blog\/wp-content\/uploads\/2017\/04\/calcetines-1.jpg"}},"image_meta":{"aperture":"6.3","credit":"Alex Carausan","camera":"NIKON D7000","caption":"","created_timestamp":"1492451716","copyright":"copyright 2016 Alex Carausan","focal_length":"200","iso":"100","shutter_speed":"0.004","title":"","orientation":"0","keywords":["cine toda la historia","dia del libro","kathedra","maistendencia"]}},"post":4112,"source_url":"https:\/\/www.maistendencia.com\/blog\/wp-content\/uploads\/2017\/04\/calcetines-1.jpg","_links":{"self":[{"href":"https:\/\/www.maistendencia.com\/blog\/wp-json\/wp\/v2\/media\/4123","targetHints":{"allow":["GET"]}}],"collection":[{"href":"https:\/\/www.maistendencia.com\/blog\/wp-json\/wp\/v2\/media"}],"about":[{"href":"https:\/\/www.maistendencia.com\/blog\/wp-json\/wp\/v2\/types\/attachment"}],"author":[{"embeddable":true,"href":"https:\/\/www.maistendencia.com\/blog\/wp-json\/wp\/v2\/users\/24"}],"replies":[{"embeddable":true,"href":"https:\/\/www.maistendencia.com\/blog\/wp-json\/wp\/v2\/comments?post=4123"}],"wp:attached-to":[{"embeddable":true,"post_type":"post","id":4112,"href":"https:\/\/www.maistendencia.com\/blog\/wp-json\/wp\/v2\/posts\/4112"}],"curies":[{"name":"wp","href":"https:\/\/api.w.org\/{rel}","templated":true}]}}

Calcetines día de la madre &#8211; Trendtantra

<p class="attachment"><a href='https://www.maistendencia.com/blog/wp-content/uploads/2017/04/calcetines-1.jpg'><img loading="lazy" decoding="async" width="300" height="227" src="https://www.maistendencia.com/blog/wp-content/uploads/2017/04/calcetines-1-300x227.jpg" class="attachment-medium size-medium" alt="Calcetines - Regalos día de la madre" srcset="https://www.maistendencia.com/blog/wp-content/uploads/2017/04/calcetines-1-300x227.jpg 300w, https://www.maistendencia.com/blog/wp-content/uploads/2017/04/calcetines-1-1024x773.jpg 1024w, https://www.maistendencia.com/blog/wp-content/uploads/2017/04/calcetines-1.jpg 1600w" sizes="auto, (max-width: 300px) 100vw, 300px" /></a></p>
<p>Díselo con calcetines. Un detalle simpático a la vez que útil</p>

<p>Díselo con calcetines. Un detalle simpático a la vez que útil</p>

Calcetines - Regalos día de la madre
