{"id":4113,"date":"2017-04-20T17:27:51","date_gmt":"2017-04-20T15:27:51","guid":{"rendered":"http:\/\/www.maistendencia.com\/wp-content\/uploads\/2017\/04\/DSC6273-1-1.jpg"},"modified":"2019-08-01T13:49:05","modified_gmt":"2019-08-01T11:49:05","slug":"_dsc6273-1-1","status":"inherit","type":"attachment","link":"https:\/\/www.maistendencia.com\/blog\/ideas-para-regalar-el-dia-de-la-madre-i-complementos\/_dsc6273-1-1\/","title":{"rendered":"Capazo de Clothes &#038; CO"},"author":24,"featured_media":0,"comment_status":"open","ping_status":"closed","template":"","meta":[],"class_list":["post-4113","attachment","type-attachment","status-inherit","hentry"],"aioseo_notices":[],"smush":{"stats":{"percent":8.304887303753626,"bytes":26592,"size_before":320197,"size_after":293605,"time":0.24999999999999997,"api_version":"1.0","lossy":false,"keep_exif":0},"sizes":{"thumbnail":{"percent":7.38,"bytes":739,"size_before":10010,"size_after":9271,"time":0.01},"medium":{"percent":7.26,"bytes":1581,"size_before":21774,"size_after":20193,"time":0.08},"large":{"percent":8.42,"bytes":15889,"size_before":188612,"size_after":172723,"time":0.09},"portada":{"percent":8.37,"bytes":3338,"size_before":39886,"size_after":36548,"time":0.02},"feed-thumbs":{"percent":8.82,"bytes":147,"size_before":1666,"size_after":1519,"time":0.02},"post-thumbnail":{"percent":8.41,"bytes":4898,"size_before":58249,"size_after":53351,"time":0.03},"zem_rp_thumbnail":{"percent":0,"bytes":0,"size_before":9271,"size_after":9271,"time":0.02}}},"description":{"rendered":"<p class=\"attachment\"><a href='https:\/\/www.maistendencia.com\/blog\/wp-content\/uploads\/2017\/04\/DSC6273-1-1.jpg'><img loading=\"lazy\" decoding=\"async\" width=\"232\" height=\"300\" src=\"https:\/\/www.maistendencia.com\/blog\/wp-content\/uploads\/2017\/04\/DSC6273-1-1-232x300.jpg\" class=\"attachment-medium size-medium\" alt=\"Capazo de playa - Regalos d\u00eda de la madre\" srcset=\"https:\/\/www.maistendencia.com\/blog\/wp-content\/uploads\/2017\/04\/DSC6273-1-1-232x300.jpg 232w, https:\/\/www.maistendencia.com\/blog\/wp-content\/uploads\/2017\/04\/DSC6273-1-1-791x1024.jpg 791w, https:\/\/www.maistendencia.com\/blog\/wp-content\/uploads\/2017\/04\/DSC6273-1-1.jpg 1236w\" sizes=\"auto, (max-width: 232px) 100vw, 232px\" \/><\/a><\/p>\n<p>Con la llegada del buen tiempo, viene de maravilla renovar el capazo para la playa y piscina&#8230; Y si es tan fashion como este, para cualquier look urbano. Tambi\u00e9n hay un tama\u00f1o m\u00e1s grande por si tu madre es de las que se lleva la casa a cuestas<\/p>\n"},"caption":{"rendered":"<p>Con la llegada del buen tiempo, viene de maravilla renovar el capazo para la playa y piscina&#8230; Y si es tan fashion como este, para cualquier look urbano. Tambi\u00e9n hay un tama\u00f1o m\u00e1s grande por&#8230;<br \/><a href=\"https:\/\/www.maistendencia.com\/blog\/ideas-para-regalar-el-dia-de-la-madre-i-complementos\/_dsc6273-1-1\/\"> Continuar leyendo&#8230;<\/a><\/p>\n"},"alt_text":"Capazo de playa - Regalos d\u00eda de la madre","media_type":"image","mime_type":"image\/jpeg","media_details":{"width":1236,"height":1600,"file":"2017\/04\/DSC6273-1-1.jpg","sizes":{"thumbnail":{"file":"DSC6273-1-1-150x150.jpg","width":150,"height":150,"mime_type":"image\/jpeg","source_url":"https:\/\/www.maistendencia.com\/blog\/wp-content\/uploads\/2017\/04\/DSC6273-1-1-150x150.jpg"},"medium":{"file":"DSC6273-1-1-232x300.jpg","width":232,"height":300,"mime_type":"image\/jpeg","source_url":"https:\/\/www.maistendencia.com\/blog\/wp-content\/uploads\/2017\/04\/DSC6273-1-1-232x300.jpg"},"large":{"file":"DSC6273-1-1-791x1024.jpg","width":791,"height":1024,"mime_type":"image\/jpeg","source_url":"https:\/\/www.maistendencia.com\/blog\/wp-content\/uploads\/2017\/04\/DSC6273-1-1-791x1024.jpg"},"portada":{"file":"DSC6273-1-1-400x266.jpg","width":400,"height":266,"mime_type":"image\/jpeg","source_url":"https:\/\/www.maistendencia.com\/blog\/wp-content\/uploads\/2017\/04\/DSC6273-1-1-400x266.jpg"},"feed-thumbs":{"file":"DSC6273-1-1-50x33.jpg","width":50,"height":33,"mime_type":"image\/jpeg","source_url":"https:\/\/www.maistendencia.com\/blog\/wp-content\/uploads\/2017\/04\/DSC6273-1-1-50x33.jpg"},"post-thumbnail":{"file":"DSC6273-1-1-604x270.jpg","width":604,"height":270,"mime_type":"image\/jpeg","source_url":"https:\/\/www.maistendencia.com\/blog\/wp-content\/uploads\/2017\/04\/DSC6273-1-1-604x270.jpg"},"zem_rp_thumbnail":{"file":"DSC6273-1-1-150x150.jpg","width":150,"height":150,"mime_type":"image\/jpeg","source_url":"https:\/\/www.maistendencia.com\/blog\/wp-content\/uploads\/2017\/04\/DSC6273-1-1-150x150.jpg"},"full":{"file":"DSC6273-1-1.jpg","width":1236,"height":1600,"mime_type":"image\/jpeg","source_url":"https:\/\/www.maistendencia.com\/blog\/wp-content\/uploads\/2017\/04\/DSC6273-1-1.jpg"}},"image_meta":{"aperture":"6.3","credit":"Alex Carausan","camera":"NIKON D7000","caption":"","created_timestamp":"1492624601","copyright":"copyright 2016 Alex Carausan","focal_length":"90","iso":"100","shutter_speed":"0.004","title":"","orientation":"0","keywords":["Clothes and CO","cesta","complementos","d\u00eda de la madre","maistendencia"]}},"post":4112,"source_url":"https:\/\/www.maistendencia.com\/blog\/wp-content\/uploads\/2017\/04\/DSC6273-1-1.jpg","_links":{"self":[{"href":"https:\/\/www.maistendencia.com\/blog\/wp-json\/wp\/v2\/media\/4113","targetHints":{"allow":["GET"]}}],"collection":[{"href":"https:\/\/www.maistendencia.com\/blog\/wp-json\/wp\/v2\/media"}],"about":[{"href":"https:\/\/www.maistendencia.com\/blog\/wp-json\/wp\/v2\/types\/attachment"}],"author":[{"embeddable":true,"href":"https:\/\/www.maistendencia.com\/blog\/wp-json\/wp\/v2\/users\/24"}],"replies":[{"embeddable":true,"href":"https:\/\/www.maistendencia.com\/blog\/wp-json\/wp\/v2\/comments?post=4113"}],"wp:attached-to":[{"embeddable":true,"post_type":"post","id":4112,"href":"https:\/\/www.maistendencia.com\/blog\/wp-json\/wp\/v2\/posts\/4112"}],"curies":[{"name":"wp","href":"https:\/\/api.w.org\/{rel}","templated":true}]}}

<p class="attachment"><a href='https://www.maistendencia.com/blog/wp-content/uploads/2017/04/DSC6273-1-1.jpg'><img loading="lazy" decoding="async" width="232" height="300" src="https://www.maistendencia.com/blog/wp-content/uploads/2017/04/DSC6273-1-1-232x300.jpg" class="attachment-medium size-medium" alt="Capazo de playa - Regalos día de la madre" srcset="https://www.maistendencia.com/blog/wp-content/uploads/2017/04/DSC6273-1-1-232x300.jpg 232w, https://www.maistendencia.com/blog/wp-content/uploads/2017/04/DSC6273-1-1-791x1024.jpg 791w, https://www.maistendencia.com/blog/wp-content/uploads/2017/04/DSC6273-1-1.jpg 1236w" sizes="auto, (max-width: 232px) 100vw, 232px" /></a></p>
<p>Con la llegada del buen tiempo, viene de maravilla renovar el capazo para la playa y piscina&#8230; Y si es tan fashion como este, para cualquier look urbano. También hay un tamaño más grande por si tu madre es de las que se lleva la casa a cuestas</p>

<p>Con la llegada del buen tiempo, viene de maravilla renovar el capazo para la playa y piscina&#8230; Y si es tan fashion como este, para cualquier look urbano. También hay un tamaño más grande por&#8230;<br /><a href="https://www.maistendencia.com/blog/ideas-para-regalar-el-dia-de-la-madre-i-complementos/_dsc6273-1-1/"> Continuar leyendo&#8230;</a></p>

Capazo de playa - Regalos día de la madre

día de la madre
